12?
132
Calculate the highest common divisor of 68920093 and 1662.
277
Calculate the greatest common factor of 14420 and 185148680.
2060
What is the greatest common divisor of 1033679304 and 16?
8
Calculate the highest common factor of 1707 and 5613.
3
Calculate the highest common divisor of 3084840 and 220.
220
What is the greatest common factor of 798 and 9516192?
42
Calculate the highest common divisor of 3090 and 101534310.
3090
Calculate the highest common divisor of 81165 and 34620.
15
Calculate the highest common divisor of 80 and 120583140.
20
What is the greatest common divisor of 3498 and 605386034?
1166
What is the highest common factor of 189357 and 2413?
127
Calculate the greatest common divisor of 43533 and 4148073.
6219
Calculate the highest common divisor of 14 and 2747150084.
14
Calculate the greatest common factor of 27358150 and 530.
10
What is the greatest common factor of 33243557 and 104837?
2557
Calculate the highest common divisor of 18522988 and 99.
11
What is the greatest common divisor of 13970051 and 334?
167
Calculate the highest common divisor of 261578 and 14632.
62
Calculate the greatest common factor of 7 and 19391.
1
What is the greatest common divisor of 136 and 11707016?
136
Calculate the greatest common divisor of 64414 and 12010502.
602
Calculate the highest common divisor of 228 and 4973772.
12
Calculate the highest common divisor of 7462985 and 100.
5
Calculate the greatest common divisor of 439761 and 3843.
21
Calculate the greatest common factor of 348 and 2336298.
174
Calculate the highest common divisor of 55013146 and 1582.
226
Calculate the highest common factor of 32211 and 492156.
27
Calculate the highest common divisor of 30288465 and 54.
27
What is the highest common factor of 2064756 and 84?
12
What is the greatest common factor of 37313608 and 984?
328
What is the greatest common factor of 5992374 and 138?
138
Calculate the greatest common factor of 10233206 and 184.
46
Calculate the greatest common factor of 11360438 and 4782.
1594
What is the highest common divisor of 1484 and 190882468?
1484
Calculate the greatest common divisor of 27 and 1083231.
9
What is the greatest common divisor of 1289722 and 3?
1
Calculate the greatest common divisor of 2160535 and 11180.
2795
Calculate the greatest common factor of 26 and 73432294.
26
What is the greatest common divisor of 878 and 53659409?
439
What is the highest common divisor of 1638566 and 1990?
398
What is the greatest common factor of 359120 and 74638?
134
Calculate the highest common factor of 29597195 and 166509.
881
What is the highest common factor of 3 and 4334559?
3
What is the highest common divisor of 55205793 and 366?
183
What is the greatest common divisor of 16484 and 34782508?
1268
Calculate the highest common factor of 36085 and 91121842.
7217
Calculate the highest common factor of 1266279 and 204.
51
Calculate the greatest common factor of 2351 and 499.
1
What is the greatest common factor of 392 and 76068776?
392
Calculate the highest common factor of 1321655 and 40.
5
Calculate the highest common divisor of 8345585 and 17440.
545
What is the highest common divisor of 7057099 and 56?
7
What is the highest common divisor of 114523 and 142?
71
Calculate the greatest common divisor of 28 and 1401496460.
28
Calculate the highest common factor of 2272782 and 2190.
438
What is the highest common divisor of 2462110 and 6790?
70
What is the highest common factor of 312998 and 52772?
158
Calculate the greatest common divisor of 546406 and 242987.
1259
What is the highest common factor of 520 and 23630490?
130
What is the highest common factor of 227400000 and 10560?
960
What is the highest common factor of 66381 and 1215241?
109
Calculate the highest common divisor of 30984 and 16626789.
3873
Calculate the highest common factor of 24153255 and 162153.
3771
Calculate the greatest common factor of 31772 and 537962.
94
What is the highest common factor of 71632 and 147408?
592
Calculate the greatest common factor of 983834 and 16.
2
Calculate the greatest common factor of 26 and 28050919.
13
Calculate the greatest common factor of 2435274 and 144.
18
What is the highest common factor of 369 and 8347482?
9
What is the highest common divisor of 138835152 and 306?
18
Calculate the highest common divisor of 54538 and 20709566.
4958
What is the greatest common factor of 26440645 and 86240?
2695
Calculate the highest common divisor of 5889423 and 4711.
673
What is the greatest common factor of 1856 and 470464?
64
Calculate the greatest common factor of 174379 and 65096.
103
What is the greatest common factor of 2128 and 7660496?
304
Calculate the highest common divisor of 390 and 832390.
130
Calculate the greatest common factor of 16 and 171088252.
4
What is the greatest common divisor of 137742590 and 5?
5
Calculate the greatest common factor of 43401 and 184851.
69
What is the greatest common divisor of 33 and 253269?
3
Calculate the greatest common factor of 6473000 and 600.
200
What is the greatest common factor of 22 and 416629433?
11
Calculate the highest common divisor of 17043 and 445393.
13
Calculate the greatest common factor of 3058 and 165685498.
3058
Calculate the highest common factor of 6805519 and 1442.
721
Calculate the greatest common divisor of 4264 and 77867036.
2132
Calculate the greatest common factor of 14013 and 289100646.
1557
Calculate the highest common divisor of 15480 and 1160.
40
What is the highest common divisor of 12888 and 1976518?
358
Calculate the highest common divisor of 187 and 5768444.
11
Calculate the highest common factor of 1907040 and 1918.
274
Calculate the highest common divisor of 855 and 161452215.
855
Calculate the highest common divisor of 1953540368 and 2031.
677
What is the greatest common divisor of 252325504 and 1370?
274
What is the greatest common factor of 6085524 and 153?
51
Calculate the greatest common factor of 125534439 and 1627.
1627
What is the greatest common factor of 34958 and 16423?
11
Calculate the highest common divisor of 124837336 and 24.
8
What is the greatest common divisor of 168830965 and 5?
5
Calculate the greatest common factor of 405365 and 197695.
95
What is the highest common divisor of 4852311 and 45?
3
Calculate the highest common divisor of 1167 and 98993887.
389
What is the highest common divisor of 532 and 21532?
28
What is the greatest common divisor of 440231 and 1774564?
341
What is the greatest common factor of 6822575 and 1850?
25
Calculate the greatest common divisor of 5594 and 17452.
2
Calculate the greatest common divisor of 156088 and 303584.
1432
What is the greatest common factor of 3925325 and 4600?
25
What is the highest common factor of 1391 and 10638433?
13
What is the highest common factor of 1827 and 105222411?
1827
What is the greatest common factor of 79028 and 2047?
23
What is the greatest common divisor of 98810 and 56785?
205
Calculate the highest common divisor of 1667393 and 2701.
73
What is the highest common divisor of 808 and 188823944?
808
What is the highest common divisor of 8939172 and 12?
12
What is the greatest common factor of 3475768 and 11936?
8
What is the greatest common divisor of 505948501 and 1117?
1117
What is the highest common factor of 258467852 and 376?
188
Calculate the greatest common factor of 228855363 and 231.
33
Calculate the greatest common factor of 15520515 and 2415.
345
What is the greatest common divisor of 64 and 132989952?
64
What is the greatest common factor of 49040 and 31520?
80
What is the highest common divisor of 4200652 and 2032?
508
What is the highest common factor of 30 and 5286110?
10
What is the greatest common divisor of 3923319 and 11397?
393
What is the greatest common factor of 183334 and 536207?
31
Calculate the highest common divisor of 11198 and 45368188.
1018
What is the highest common divisor of 1817664 and 21408?
96
What is the greatest common factor of 186622900 and 8319?
2773
Calculate the greatest common divisor of 376 and 1900968.
8
What is the greatest common factor of 16 and 271230656?
16
Calculate the greatest common divisor of 35 and 19235.
5
Calculate the highest common divisor of 264 and 12814164.
132
What is the highest common factor of 1696314 and 768?
6
What is